e prime factors of 51496388.
2, 1031, 12487
What are the prime factors of 13409549?
17, 127, 6211
What are the prime factors of 46568200?
2, 5, 7, 29, 31, 37
What are the prime factors of 54212947?
19, 41, 69593
List the prime factors of 1555124731.
797, 1951223
List the prime factors of 2809049125.
5, 73, 4217
What are the prime factors of 95767165?
5, 13, 1473341
What are the prime factors of 438762419?
438762419
List the prime factors of 131573548.
2, 31, 151, 7027
List the prime factors of 871534820.
2, 5, 13, 491, 6827
List the prime factors of 897943796.
2, 224485949
List the prime factors of 14887013.
19, 783527
List the prime factors of 220570427.
7, 11, 17, 167, 1009
List the prime factors of 299703554.
2, 149851777
List the prime factors of 170836043.
7, 17, 1435597
What are the prime factors of 604341616?
2, 53, 149, 4783
List the prime factors of 4812002973.
3, 29, 18436793
What are the prime factors of 35132011?
79, 401, 1109
What are the prime factors of 164771480?
2, 5, 17, 293, 827
List the prime factors of 2161623826.
2, 71, 263, 57881
What are the prime factors of 1993334248?
2, 249166781
What are the prime factors of 133236457?
2339, 56963
List the prime factors of 216677794.
2, 823, 131639
List the prime factors of 20967498.
2, 3, 73, 197
List the prime factors of 110247313.
11, 43, 61, 3821
What are the prime factors of 49524503?
7, 643, 11003
What are the prime factors of 18079956?
2, 3, 167407
List the prime factors of 5432880098.
2, 71, 38259719
List the prime factors of 50661515.
5, 79, 128257
List the prime factors of 110587828.
2, 13, 19, 173, 647
List the prime factors of 178547728.
2, 11159233
What are the prime factors of 58257583?
58257583
List the prime factors of 50504033.
19, 2658107
List the prime factors of 68895578.
2, 31, 1111219
List the prime factors of 81936795.
3, 5, 5462453
List the prime factors of 1931881665.
3, 5, 7, 23, 41, 109, 179
List the prime factors of 1636397897.
131, 12491587
What are the prime factors of 7099433?
11, 23, 2551
What are the prime factors of 572548109?
7, 19, 499, 8627
List the prime factors of 361866644.
2, 90466661
What are the prime factors of 852750090?
2, 3, 5, 17, 349, 1597
What are the prime factors of 212622048?
2, 3, 239, 3089
List the prime factors of 25721163.
3, 13, 219839
List the prime factors of 39008390.
2, 5, 3900839
What are the prime factors of 1576424811?
3, 13, 4153, 9733
List the prime factors of 87063734.
2, 43, 1012369
List the prime factors of 30376099.
13, 2336623
What are the prime factors of 85624930?
2, 5, 59, 103, 1409
List the prime factors of 1494152377.
163, 2399, 3821
List the prime factors of 899834027.
311, 2893357
What are the prime factors of 2517922784?
2, 13, 229, 26431
List the prime factors of 195808541.
43, 4553687
What are the prime factors of 47025652?
2, 109, 107857
List the prime factors of 4685568336.
2, 3, 421, 25763
List the prime factors of 720223299.
3, 26674937
What are the prime factors of 321579685?
5, 7, 631, 14561
List the prime factors of 99862610.
2, 5, 131, 76231
What are the prime factors of 1337452180?
2, 5, 19, 113, 31147
What are the prime factors of 737899031?
101, 1637, 4463
What are the prime factors of 41085760?
2, 5, 128393
List the prime factors of 68337053.
19, 3596687
What are the prime factors of 3426838?
2, 59, 113, 257
What are the prime factors of 12876327?
3, 17, 1039
List the prime factors of 2318918051.
89, 461, 56519
What are the prime factors of 40726111?
47, 866513
List the prime factors of 37951272.
2, 3, 61, 8641
List the prime factors of 967794302.
2, 483897151
List the prime factors of 38430848.
2, 113, 2657
List the prime factors of 365015417.
13, 103, 272603
List the prime factors of 423764018.
2, 139, 277, 5503
List the prime factors of 116290038.
2, 3, 37, 523829
List the prime factors of 75522939.
3, 97, 109, 2381
List the prime factors of 2641360573.
61, 43300993
List the prime factors of 39513008.
2, 19, 59, 2203
List the prime factors of 82443768.
2, 3, 11, 59, 67, 79
What are the prime factors of 275012666?
2, 41, 3353813
What are the prime factors of 69743314?
2, 23, 563, 2693
List the prime factors of 2244162018.
2, 3, 7, 307, 174047
What are the prime factors of 51266395?
5, 10253279
List the prime factors of 3387401613.
3, 23, 107, 16993
What are the prime factors of 10917175?
5, 436687
What are the prime factors of 507244507?
7, 11, 23, 37, 7741
What are the prime factors of 3875464?
2, 71, 6823
What are the prime factors of 71660218?
2, 7, 29, 176503
What are the prime factors of 69284128?
2, 37, 163, 359
What are the prime factors of 5773021589?
811, 7118399
List the prime factors of 9732469327.
7, 198621823
List the prime factors of 13909085.
5, 2781817
What are the prime factors of 124381755?
3, 5, 2764039
What are the prime factors of 503766997?
139, 3624223
List the prime factors of 1131797336.
2, 89, 1069, 1487
List the prime factors of 180478468.
2, 45119617
What are the prime factors of 108358895?
5, 911, 23789
What are the prime factors of 838870768?
2, 52429423
What are the prime factors of 3950534912?
2, 15431777
List the prime factors of 704839825.
5, 37, 619, 1231
List the prime factors of 531659554.
2, 265829777
What are the prime factors of 861735883?
37, 3539, 6581
What are the prime factors of 22927526?
2, 17, 39667
What are the prime factors of 281675482?
2, 11, 17, 753143
List the prime factors of 559914839.
11, 17, 31, 96587
List the prime factors of 335634052.
2, 13, 29, 131, 1699
What are the prime factors of 141219166?
2, 11, 6419053
What are the prime factors of 884493711?
3, 98277079
List the prime factors of 306534536.
2, 7, 11, 79, 6299
List the prime factors of 2529532748.
2, 17, 37199011
What are the prime factors of 23586370?
2, 5, 2358637
List the prime factors of 338181034.
2, 17, 9946501
What are the prime factors of 967686307?
7, 138240901
What are the prime factors of 20367816?
2, 3, 7, 41, 2957
What are the prime factors of 194715759?
3, 7, 83, 15959
List the prime factors of 136880013.
3, 45626671
List the prime factors of 7588411793.
53, 3691, 38791
What are the prime factors of 1896371662?
2, 73, 577, 22511
List the prime factors of 537078097.
53, 67, 151247
List the prime factors of 759849412.
2, 7, 67, 405037
What are the prime factors of 104670543?
3, 59, 71, 8329
List the prime factors of 1232433633.
3, 23, 1373, 13009
What are the prime factors of 174436374?
2, 3, 7, 593321
What are the prime factors of 3947996508?
2, 3, 443, 742663
List the prime factors of 1808620254.
2, 3, 7, 47, 305407
What are the prime factors of 3928680795?
3, 5, 13, 4027, 5003
List the prime factors of 3003591401.
347, 8655883
List the prime factors of 400539390.
2, 3, 5, 937, 14249
What are the prime factors of 668426298?
2, 3, 17, 479, 13681
What are the prime factors of 30170306?
2, 15085153
What are the prime factors of 21112667?
19, 29, 38317
List the prime factors of 6753721693.
30649, 220357
What are the prime factors of 211132464?
2, 3, 617, 7129
What are the prime factors of 20111444?
2, 43, 116927
What are the prime factors of 1655351627?
34273, 48299
What are the prime factors of 3279637472?
2, 102488671
What are the prime factors of 90289942?
2, 59, 765169
List the prime factors of 1133024230.
2, 5, 13, 967, 9013
List the prime factors of 164405018.
2, 2963, 27743
What are the prime factors of 1066161574?
2, 533080787
What are the prime factors of 3922831893?
3, 443, 2951717
What are the prime factors of 235643955?
3, 5, 15709597
What are the prime factors of 1088055753?
3, 362685251
What are the prime factors of 3883463557?
61, 63663337
What are the prime factors of 58281592?
2, 7285199
List the prime factors of 3255713439.
3, 11, 1789, 55147
List the prime factors of 12854951.
12854951
What are the prime factors of 535831?
23, 23297
What are the prime factors of 611691859?
611691859
List the prime factors of 196366375.
5, 1570931
List the prime factors of 1326629550.
2, 3, 5, 43, 89, 2311
What are the prime factors of 24921353?
29, 29633
What are the prime factors of 34101896?
2, 53, 80429
List the prime factors of 68017242.
2, 3, 11336207
What are the prime factors of 1857583623?
3, 7, 73, 1211731
List the prime factors of 259622544.
2, 3